 composite?
True
Let z = 18 + -14. Suppose 5*m - z*w = m + 1324, -m - 4*w + 351 = 0. Is m prime?
False
Is -2 + 1 - 3 - (-9 + -13634) prime?
False
Let k = 2019 + -1024. Let r = 1396 - k. Is r a composite number?
False
Suppose j = -3*k - 6, 2*j - 3*k = 7*j - 6. Suppose j*m + 1722 = 6*m. Let x = 833 - m. Is x a prime number?
False
Let i be 2/7 + 4408/56. Suppose i*q = 84*q - 2035. Is q composite?
True
Let w(a) = 6*a**2 + 2*a + 1. Suppose -2*q = 2*q + 4. Let z be w(q). Let f(t) = 3*t**2 - 2*t + 2. Is f(z) composite?
False
Suppose 0 = -6*h + 7393 + 239. Suppose 0 = 20*j - 668 - h. Is j composite?
False
Suppose 1 = g, -21*g + 24*g = 2*j - 16383. Is j a composite number?
True
Suppose 0 = -2*f - 5*a + 37013, -3*a - 34609 = -2*f + 2428. Is f prime?
False
Let r(b) = 58*b**2 - 77. Is r(-10) composite?
True
Let d(y) = y + 9. Let j be d(-5). Is (-4 + 83)/(j/4) prime?
True
Suppose 141*a - 1515 = 136*a. Is a prime?
False
Suppose -14*w + 13*w = 0. Suppose 3*f + 748 = 2*q + 2203, -f - 5*q + 502 = w. Is f a prime number?
True
Suppose f + 3*y - 10007 = 0, -1977 + 11984 = f + y. Is f a prime number?
True
Suppose w + 7 = 3*l - 0, 25 = 5*w. Suppose l*i = 1951 + 13. Is i composite?
False
Suppose 0*o = 5*f + 3*o + 37, -3 = 3*f - 3*o. Let j(t) = t**2 + 5*t + 4. Let r be j(f). Suppose 4*w - 2*x + x - 265 = 0, 0 = -w + r*x + 85. Is w composite?
True
Let k(d) be the second derivative of -d**5/20 + 17*d**4/12 + 19*d**3/6 - 19*d**2/2 - 9*d. Is k(16) a composite number?
False
Suppose -o - 12136 = -4*i + o, 3*o + 12138 = 4*i. Suppose 3*t + i = 9492. Is t prime?
True
Let t = -16 - -32. Let l be (12/t)/(2/16). Is (-1272)/(-22) - l/(-33) composite?
True
Let g be 4 - (-1 + 0)*(-4 + 33). Suppose -g*y + 6492 = -21*y. Is y prime?
True
Let o = -2696 + 4473. Is o a composite number?
False
Let w = 81916 - 24035. Is w prime?
True
Suppose 0 = 4*s + 5*a - 38057, -5*s + 9*s - 38081 = 3*a. Is s composite?
True
Let k(f) = -3*f - 27. Let a be k(-10). Suppose 0 = a*z - 6*z + 5181. Is z prime?
False
Suppose 3*a = d - 5396, -27*d + 28*d + 5*a = 5372. Is d a prime number?
True
Let s(n) = 461*n + 50. Is s(7) composite?
True
Let l = 16 + -5. Suppose 0 = 2*h + 3*w - 98 + 35, -25 = -5*w. Let m = l + h. Is m a prime number?
False
Suppose -3*v - 2*v + 4*r + 400 = 0, -80 = -v - 4*r. Suppose 3*g - 4*s - 3 = -s, 3*g - 5*s - 1 = 0. Is (-6)/(-2) + v/g a composite number?
False
Suppose 3*y = 6, 2*b + 2*y = -0*b - 756. Let t = b + 1233. Is t a prime number?
True
Is (1143/(-6))/(9/(-111))*2 prime?
False
Suppose 0 = -104*r + 71*r + 645513. Is r prime?
False
Suppose 87*s = 19*s + 268804. Is s composite?
True
Let g = -8 - -20. Let f be 2*-9*(-4)/g. Let s = 51 + f. Is s a composite number?
True
Suppose 0 = -3*q + 5*q - 5*y - 8, 4*q + 44 = -5*y. Let v(k) = 2*k**2 + 12*k + 8. Let f be v(q). Suppose 3602 = f*o - 726. Is o prime?
True
Suppose 2*h - 5*v - 54 = 0, 5*h - 62 - 19 = -v. Suppose -3*n + 22 = -5*s, -3*s - n = n + h. Let y(a) = a**2 + 2*a. Is y(s) a composite number?
True
Suppose -3*h = -7*h + 24. Suppose 0 = j + 4, 0 = 2*a - h*j + j - 466. Is a a composite number?
False
Suppose 6639 + 17553 = -14*g. Let n = g + 2605. Is n composite?
False
Is 72375/8 + (-68)/(-544) prime?
False
Let w = -5 + -5. Let a(z) = z**3 + 17*z**2 - 6. Is a(w) a composite number?
True
Let x(i) = i + 2. Let f be x(4). Let y be 4/f + (-1164)/(-9). Suppose -2*h + y = -5*k, -4*h + 5*k + 0*k = -240. Is h a composite number?
True
Suppose 14 = 3*q - 13. Let a = 103 + q. Let i = a - -45. Is i prime?
True
Suppose -529906 + 1527269 = 31*u. Is u prime?
True
Suppose -4*i + 4584 = -0*p - 4*p, 0 = 5*i - 3*p - 5740. Suppose 5*z - 1722 - 4033 = -5*q, z - q = i. Is z prime?
True
Is 16680573/182 - 1/2 composite?
True
Suppose 2*a - 1653 - 4641 = 0. Is a a prime number?
False
Suppose -4*p = -5*p + 3. Suppose -z + p*z = -2*a + 2728, -a = -5*z - 1358. Is a a prime number?
False
Suppose 0 = -22*v + 29117 + 5357. Is v a composite number?
False
Suppose -52*o = -57*o + 1025. Let k = 1799 - o. Is k a prime number?
False
Let s(a) = -48276*a - 25. Is s(-2) a prime number?
True
Let z be ((-56)/12 + -3)/(1/(-9)). Suppose y + 0*y - 146 = d, 0 = -4*y - 3*d + 570. Let l = y + z. Is l prime?
False
Suppose 5*z - 8 = 2. Suppose -r + 246 + 52 = -u, z*r = -u + 581. Is r a prime number?
True
Let g(m) = -83*m - 3. Let p(i) = 82*i + 3. Let v(f) = 6*g(f) + 7*p(f). Is v(1) prime?
True
Suppose 0 = -3*m - 4*v - 10, 0 = -0*m - m + v - 8. Let p(j) be the first derivative of -15*j**2 + 3*j + 8. Is p(m) composite?
True
Suppose x + 2*k - 1544 = 84, 5*k = 10. Let s = x + -943. Is s prime?
False
Suppose 13734 = 5*r - 5136. Suppose -15*c - r = -21*c. Is c a prime number?
False
Let a be 2/3 - 34/6. Let m(b) = 3*b**2 - 8*b + 18. Let q be m(4). Let k = q - a. Is k a prime number?
False
Suppose 0*w - 9 = 2*o + 3*w, 5*w = -15. Suppose o*n + n = 223. Is n prime?
True
Let n(a) = 24*a**2 - 7*a + 30. Is n(-7) composite?
True
Let x = 5 - 19. Let v = 92 - x. Suppose -w = -0*w - v. Is w composite?
True
Suppose -7*v + 5248 = 425. Is v prime?
False
Let y(x) = -25*x**3 + x**2 + 1. Let v be y(-4). Is 4/2 - v/(-3) a prime number?
True
Suppose -2 = 2*a - 52. Suppose 0 = -5*h + a, 0*u + 3*u + 2*h - 2371 = 0. Is u prime?
True
Suppose 21*z - 88282 + 6235 = 0. Is z prime?
True
Let c be (-5)/(2 - (-3)/(-1)). Is -2 - -2 - (-185)/c composite?
False
Let j be (-32)/112 + (-2)/(-14)*37. Suppose 1316 = j*t - 9. Is t a composite number?
True
Let u = 1015 - 832. Let h(j) = -23*j + 6. Let b be h(4). Let s = b + u. Is s composite?
False
Let n(j) = 4*j**3 + 4*j**2 - 29*j - 10. Is n(21) a prime number?
True
Suppose -15 = s - 4*f, 0 = 2*s + 2*f - 6*f + 10. Suppose 2*q + 728 = s*d - q, -d + 4*q + 149 = 0. Is d a composite number?
True
Suppose -11*p + 105363 = -2*p. Is p prime?
False
Suppose 4*n = -3*b - b + 31232, -2*b + 15618 = 4*n. Is b composite?
True
Let b = 23003 - -60380. Is b a composite number?
False
Suppose 162584 = 10*a - 2*a. Is a a composite number?
False
Suppose 5 = -5*t - 25. Suppose 0 = 3*z - z - 18. Is (-204)/(-9) + t/z prime?
False
Let p(c) = 995*c**2 - 3*c - 2. Is p(-3) a composite number?
True
Let c(r) = -r**3 + 5*r**2 + 5*r + 4. Let f be c(6). Let p(o) be the second derivative of -6*o**5/5 + o**4/12 + o**3/3 - o**2/2 - o. Is p(f) composite?
False
Let m(d) = 4*d + 15. Let j be m(-8). Let x = j + 19. Suppose -35 = -x*s + 243. Is s a prime number?
True
Suppose 4*v = -3*o - 85, -5*v = o + 2*o + 107. Let l = -19 - v. Suppose 1855 = l*i + 2*i. Is i prime?
False
Is (-2420736)/(-28) + (-11)/(-77) composite?
True
Is 40/16*-2 + 25*90 composite?
True
Let y be (48/64)/(1/(-4)). Is 447*(1 - (-2)/y) prime?
True
Let h be 3/27 - (0 + 35/(-9)). Suppose -c - 4*b + 209 = 0, 0 = 3*c - h*b - 358 - 237. Is c a composite number?
True
Let l = 0 + 0. Let y = -93 - -1591. Suppose l = -10*a + 3*a + y. Is a a prime number?
False
Let x = -2064 - -4681. Is x a composite number?
False
Let t(l) = l**3 - 21*l**2 + 20*l - 7. Let v be t(20). Let f(k) = -5*k**3 - 9*k**2 - 4*k + 17. Is f(v) a prime number?
True
Let j = -1196 - 1167. Let w = j + 3462. Is w a composite number?
True
Let t(z) = -4*z - 33. Let s be t(-14). Suppose 0 = 10*x - s*x + 9581. Is x prime?
False
Let v = 10333 - -114. Is v a prime number?
False
Let j = 80 + -74. Suppose 0 = 12*g - j*g - 5322. Is g a prime number?
True
Let v = -7024 + 10779. Suppose 14*s - 9*s - v = 0. Is s composite?
False
Let c(o) = -2*o**3 - o**2 + 3*o + 59183. Is c(0) a composite number?
False
Is (-2253735)/(-77) - (-6)/(-21) composite?
False
Suppose -2*q + 3*t = 576 + 70, -1657 = 5*q + 3*t. Suppose -2*g + 2515 = 5*w + 3*g, 3*w + 4*g = 1514. Let a = w + q. Is a composite?
True
Let f = 27299 + -15666. Is f a prime number?
True
Let n(i) = 401*i**2 + i + 19. Is n(8) composite?
True
Let q be (-61 - -3)/((-2)/83). Let x = q + -164. Is x prime?
True
Let p(t) = 454*t + 745. Is p(9) a prime number?
True
Let f be 1*(1 + -2)*-4. Suppose 3*n = n - o + 43, -5*o - 107 = -f*n. Is n a composite number?
False
Suppose -6*k + 7*k = 4*j - 25732, k = 2*j - 12866. Is j a prime number?
False
Is 4476 + 1 - (-1 - 1) composite?
True
Let a = -7357 - -17784. Is a a prime number?
True
Let w be (-1 - -2)/((-4)/(-28)). Let s(b) = -1 + 5*b - w*b - 6 + 12*b**2 - 5*b. Is s(-6) prime?
True
Let a(z) = z**2 - 2*z + 10. Let i be a(7).